
Let l(b) = -b**2 - 4*b + 3. Let f(p) = p**3 + 11*p**2 + 10*p - 4. Let v be f(-10). Calculate l(v).
3
Let v(b) be the second derivative of -b**7/2520 + b**6/120 - b**5/24 - b**4/3 + 4*b. Let r(p) be the third derivative of v(p). Calculate r(5).
0
Suppose -h - 2*h = -9. Let p(j) = -2*j**2 - h + 5*j + 0*j + 0*j + 0*j. What is p(3)?
-6
Let o(n) be the third derivative of -n**4/8 + 2*n**3/3 - 8*n**2. Calculate o(3).
-5
Let n(r) = 12*r**3 - 2*r**2 + r. Let t be n(1). Suppose 3 = -2*d + t. Let a(f) = f**2 + 3*f**3 + d*f**2 - 4*f**3 - 6*f + 5 + 1. Calculate a(4).
-2
Suppose 0*r - 3*r = -t - 9, 0 = -3*t + 2*r - 13. Let k(f) = -3 + 4*f**3 - 2*f**2 - 4*f**3 + f - f**3. What is k(t)?
3
Let h(u) = -4 - 4 + 8 - u**2. Give h(0).
0
Suppose 0 = -13*n + 37 + 2. Let p(r) be the first derivative of r**3/3 - 2*r**2 - 2*r + 1. What is p(n)?
-5
Let m(z) = -z**3 - 8*z**2 - z - 10. Let n = -38 - -30. Determine m(n).
-2
Let x = 9 - 6. Suppose x*p = -2*s + 12, 13 = 6*p - p + s. Let q(j) be the third derivative of j**5/30 - j**4/12 + j**3/3 - 3*j**2. Calculate q(p).
6
Let a be 7 - ((-1 - 0) + 3). Suppose -q = -3*y + 9, -y = -4*y + 9. Suppose -a*c - 9 - 1 = q. Let h(z) = z**2 + 2*z + 1. Calculate h(c).
1
Let j(c) = c**3 + 3*c**2 - 3*c + 5. Suppose 0 = 4*u - 7*u + 6. Suppose -u - 2 = -2*m. Suppose -5*p + 0 = -m*r + 22, -4*p = 4*r + 12. Calculate j(p).
1
Let j(f) = -1. Let l(g) = g**2 + 2*g - 6. Let z(h) = 2*j(h) - l(h). Suppose 0 = -w + 5*w + 16. Determine z(w).
-4
Let u be (-4)/18 + 76/18. Let w(n) be the third derivative of -n**4/24 + n**3/2 + 12*n**2. Determine w(u).
-1
Let m(d) = 8*d**2 - 10*d**2 + d - 3*d - 2*d - 1. What is m(-3)?
-7
Suppose -11*o = -3*o. Let q(f) be the first derivative of 1 + f**3 + 2*f - 1/4*f**4 + o*f**2. What is q(3)?
2
Let y(l) = -3*l**2 + 7*l + 2*l**2 - 11*l - 2*l. Determine y(-3).
9
Let j(q) = -1. Let o(b) = b**2 - 8. Let z(f) = 4*j(f) - o(f). Suppose k = 4*p - 0*p - 17, -4*k = -p - 7. What is z(k)?
-5
Let b = -34 + 52. Let t be 3/b*3*2. Let y(v) = 9*v**3 + 7*v**2 - 1. Let q(m) = 8*m**3 + 6*m**2 - 1. Let z(r) = -6*q(r) + 5*y(r). Determine z(t).
-3
Let l = -6 + 8. Suppose 15 = 3*v + l*v. Let n(t) = t**v - 2 - 5*t**2 + 9 - 4*t - t + 3*t. What is n(5)?
-3
Let j = 7 + -5. Let n(g) = g + 0*g + 0 - g**2 + j. Let s be n(3). Let f(o) = -o**3 - 5*o**2 - 6*o - 2. What is f(s)?
6
Let a(b) = 6*b**2 - 16*b + 21. Suppose 55 = -o + 6*o. Let h(k) = -k**2 + 3*k - 4. Let g(c) = o*h(c) + 2*a(c). What is g(3)?
10
Let m(s) be the second derivative of 5/12*s**4 - 1/2*s**2 + 0 + 1/20*s**5 + s - s**3. Determine m(-6).
-1
Suppose -4*i = -j + 4, j - 2*i = 4*j + 16. Let s(v) = v**3 + 4*v**2 + 3*v + 4. Give s(j).
-8
Let y(z) be the second derivative of z**4/12 - 5*z**3/6 + z**2/2 - 2*z. Suppose 9*r - 30 = 4*r. Give y(r).
7
Let h(w) be the third derivative of -w**6/120 - 3*w**5/20 - w**4/12 - 2*w**3 + 9*w**2. What is h(-9)?
6
Let c(a) = 3*a + 1. Suppose -3*u + 16 = 4*v, -3*v = -2 - 1. Let n = u - 2. Determine c(n).
7
Let z(f) = 2*f + 2. Suppose -2*o - h = -5*h + 14, -6 = 4*o + 3*h. Give z(o).
-4
Let j(n) = -n**3 - n**2 - n - 15. Suppose 0 = 6*v - 22*v. Calculate j(v).
-15
Let u(m) = -4*m - 19 + m**2 + 29 - 12. Give u(-3).
19
Let p(h) be the third derivative of h**4/12 - h**3/6 + 81*h**2. Suppose 2*d - 6*f = -f - 29, 2*f - 2 = -4*d. Let m(j) = j**2 - 1. Let q be m(d). What is p(q)?
5
Let b(n) = 2*n**3 + 4*n**2 - 2*n + 2. Let l(y) be the second derivative of -3*y**5/20 - y**4/3 + y**3/2 - y**2 + y. Let c(z) = 4*b(z) + 3*l(z). Give c(4).
6
Let j(a) = a**2 + 5*a + 5. Let h(t) = t**3 + 3*t**2 - t - 4. Let o be h(-3). Let d be o/(-2) + (-1)/(-2). Suppose 4*w + 15 = -d. Give j(w).
1
Let a be (9/(-12) - 0)*-4. Let g(v) = -4 + a*v + v - 4*v + 2*v. Suppose -3*f + 9 = 0, f = r - f + 9. Calculate g(r).
-10
Suppose 5*k + 14 = -4*v + 2*v, 2*v + 2*k = -2. Suppose c + 12 = -v*c. Let u(p) be the first derivative of p**3/3 + p**2 - 2*p - 1. Give u(c).
1
Let u(l) = -11*l**3 - l. Suppose -5*i + 21 = 5*s - 9, -5 = -s. Give u(i).
-12
Suppose 2*i + 9 = -3*b + 2*b, 4*b = -i - 22. Let r(j) = -1. Let p(q) be the third derivative of q**4/24 + q**3/2 - q**2. Let n(t) = p(t) - 4*r(t). What is n(b)?
2
Let d(f) = -f**2 - 5*f + 2. Let q(b) = -2*b**2 - 11*b + 4. Let u(v) = -9*d(v) + 4*q(v). Calculate u(-3).
4
Let s(q) be the second derivative of -q**4/6 + 4*q**3/3 - 3*q**2/2 + 9*q. Give s(5).
-13
Let o(d) = -d**2 + 0*d**2 + 2*d**2 + 6 - d - 7*d. Let r be o(8). Let q(u) = -2*u + 8. Determine q(r).
-4
Let a(p) = 3*p**2 + p - 2. Let l(g) = 2*g**2 - 2*g - 2. Let w be l(2). Give a(w).
12
Suppose -c - 3 = 2*c. Let s(k) = 3*k**2 - k - 3. Let z(n) = -1. Let p(i) = -s(i) + 4*z(i). Let m(t) be the first derivative of p(t). Give m(c).
7
Let b(j) = j**3 - j + 11 - 3*j**2 - 4*j**2 - 4. Determine b(7).
0
Suppose 0*j - 4 = -2*j. Let h(z) = j + 5 - 3 - 3 - z. Give h(-5).
6
Let b(a) = -a**3 + 3*a**2 + 2*a - 2. Let y(o) = 2 + 3*o**2 - o - 3*o**2 - o**2. Let x be y(0). What is b(x)?
6
Let m(s) be the third derivative of s**4/12 + 5*s**3/6 + 11*s**2. What is m(4)?
13
Let d(j) = -j**3 + 5*j**2 - j - 1. Suppose -5*q = -2*m + 3 - 26, 0 = -4*q + 5*m + 15. Calculate d(q).
-6
Let m(p) = 3*p**2 + 2*p - 2. Suppose 0*k + 4 = -2*l - 3*k, -2*l - 4*k - 4 = 0. Give m(l).
6
Let z(s) = -s - 2. Let n(v) = 4 - 15*v**3 + 14*v**3 + 1 - 6*v - 7*v**2. Let c be n(-6). Give z(c).
-7
Let b(f) = f**3 - 3*f**2 - 5*f + 1. Suppose -s + 2*z - 4 = 0, 3*s + 4*z - 3 = 25. What is b(s)?
-3
Let o(m) = -m**3 + m**2 + 2. Let z be o(0). Let k(s) = 8*s**2 - 2*s + z*s - 1. Let t(v) = -v - 7. Let x be t(-6). Give k(x).
7
Let u be (-1)/(2 - 1)*-1. Let w(y) = -10*y**2 - 3*y - 2. Let t(p) = 5*p**2 + 2*p + 1. Let v(f) = 7*t(f) + 4*w(f). Calculate v(u).
-4
Let a(t) = -t**2 + 2 - 3 - 2*t + 3*t**2 + 2*t**2. Let g(n) = 3*n**2 - n - 1. Let w(z) = 2*a(z) - 3*g(z). Let x be 3 + (-1 - (-2 + 2)). Give w(x).
-5
Let g(p) be the second derivative of -p**5/20 + p**3/6 + 7*p**2/2 - p. Let q(w) = -3*w + 0 - 1 + 2*w + 3. Let n be q(2). What is g(n)?
7
Let a = 5 - 3. Let r = 1 - a. Let x(q) = -q**2 + q. Let o(u) = -3*u**2 - 1. Let g(s) = o(s) - x(s). Determine g(r).
-2
Let j(x) be the second derivative of -x**5/20 - 5*x**4/12 - x**3/6 + 4*x. Determine j(-5).
5
Let v(i) = i**2 - 5*i - 4. Let b(r) = 5 + r**3 - 11*r**2 + 4*r**2 + 6*r + 0. Let x be b(6). What is v(x)?
-4
Let f(j) = -j**2 - j. Let g be f(-2). Let t(b) be the third derivative of b**6/120 - b**5/60 - b**4/24 - b**3/6 - 5*b**2. Give t(g).
-11
Let g(p) be the second derivative of -2/3*p**3 + 1/3*p**4 + 1/20*p**5 - 2*p + 0 + 5/2*p**2. What is g(-5)?
0
Suppose -k - f - 7 = 2*f, 2*f - 4 = -5*k. Let q(x) = 1 - k + 0 - 2*x + 2. Calculate q(-3).
7
Let n(a) = a**2 - 7*a - 1. Let x = -2 + 9. Determine n(x).
-1
Let d be -15 - -18 - (3 + 1). Let i(r) be the second derivative of 11/12*r**4 + 1/3*r**3 + 1/2*r**2 - r + 0. Determine i(d).
10
Let q be (-15)/6*-2 - 3. Suppose -4*x + 6 = k, 3*k - q*x = -0*k + 18. Let z(p) = 5*p + 5*p**2 - 10*p**2 + k*p**2 + 2. What is z(-4)?
-2
Let t(u) = -162*u + 48. Let n be (-81)/15 - 6/(-15). Let a(b) = -17*b + 5. Let j(d) = n*t(d) + 48*a(d). Determine j(1).
-6
Let m be 2*-1 + (-14 - 0). Let f(u) = -10*u - 16. Let a(n) = 2*n + 3. Let d(p) = m*a(p) - 3*f(p). What is d(-5)?
10
Let p(r) = -r**2 + 5*r - 1. Let w = 12 - 22. Let q be ((-2)/4)/(w/100). Give p(q).
-1
Suppose 3*i = -t + 5 + 5, -6 = -2*i - t. Let p(r) = i*r**2 + 2*r**2 - r**2 + 3 - 4*r**2. Calculate p(-3).
12
Let r(t) be the third derivative of -t**6/120 - 13*t**5/60 + t**4/12 + 19*t**3/6 - 44*t**2 + 2*t. Determine r(-13).
-7
Suppose 13 = u + 3*n, 4*n - 5*n = 4*u + 3. Suppose -2*j = -i - 9, -3*j + 1 = i - 0. Let v(r) = r**j - r**3 - 4*r**2 - r + 0*r + 1. Determine v(u).
-1
Let h(w) = 2*w + 0 + 0*w - 2 - w**3. Let t = 14 + -10. Suppose 2 = -m + t. Give h(m).
-6
Let r(u) = -3*u - 5. Suppose 21*s - 19*s = -10. Give r(s).
10
Let m(r) = -r**2 - r + 1. Let h(z) be the first derivative of z**4/4 - z**3/3 - 3*z**2/2 + 3*z - 2. Let w(x) = -h(x) - 2*m(x). Determine w(4).
-1
Let v(l) = -l**2 - 6 + 6*l + 2 + 3*l**2 - 3*l**2. Let w(f) = f**3 - 2*f**2 - f - 1. Let d be w(3). Determine v(d).
1
Let w(i) = -2*i. Suppose 0 = -28*f + 33*f - 10. Calculate w(f).
-4
Let z(a) = a**2 - 6*a + 4. Suppose -3*b - 7 = -22. Let v be z(b). Let l(j) = j**3. Determine l(v).
